 = -x**3 + 28*x**2 - 17*x + 478. Give f(28).
2
Let t(x) = -x**3 + 2*x**2 + 10*x + 3. Give t(0).
3
Let q(k) = -k**3 + 58*k**2 - 2*k + 203. What is q(58)?
87
Let x(w) = w**3 + 7*w**2 + 9*w + 65. Calculate x(-7).
2
Let j(a) = 5*a**3 + 53*a**2 + 10*a - 166. What is j(-10)?
34
Let a(i) = 10*i**2 + 54*i - 21. Calculate a(-6).
15
Let j(o) = 5006*o + 19987. What is j(-4)?
-37
Let m(d) = 3*d**2 - 16*d - 112. Determine m(11).
75
Let i(s) = -5*s**2 + 155*s + 153. Give i(29).
443
Let q(p) = -2*p**2 - 2288*p - 36088. What is q(-16)?
8
Let u(v) = 3*v**2 - 110. Calculate u(6).
-2
Let i(w) = 52*w - 5031. Give i(96).
-39
Let v(d) = d**3 + 23*d**2 - 28*d - 54. What is v(-24)?
42
Let m(p) = -p**2 + 18*p - 49. Determine m(17).
-32
Let h(n) = n**3 - 14*n**2 - 39*n + 69. What is h(16)?
-43
Let a(v) = -14*v - 102. Calculate a(-23).
220
Let r(o) = 19*o**2 + 873*o - 51. What is r(-46)?
-5
Let x(i) = 697*i - 1375. Give x(2).
19
Let m(r) = 291*r + 606. Calculate m(-2).
24
Let x(q) = -2*q**2 + 130*q - 2007. Calculate x(40).
-7
Let p(u) = -222*u - 486. What is p(-2)?
-42
Let x(z) = -20*z**2 - 14*z - 33. Give x(-2).
-85
Let l(f) = -f**2 + 27*f - 47. Give l(18).
115
Let u(s) = s**3 + 4*s**2 + 120*s - 415. Determine u(3).
8
Let s(k) = 2*k**2 - 62*k + 222. Give s(31).
222
Let x(c) = 2*c**3 - 15*c**2 + 33*c - 49. What is x(5)?
-9
Let q(j) = 3*j**2 + 262*j + 5682. What is q(-40)?
2
Let p(x) = 78*x - 4714. Calculate p(60).
-34
Let l(v) = v**3 + 72*v**2 + 126*v + 3898. What is l(-71)?
-7
Let q(s) = -43*s + 52. What is q(1)?
9
Let a(o) = 15*o**3 + 466*o**2 + 36*o + 159. Determine a(-31).
4
Let n(m) = 3*m + 57. Calculate n(-9).
30
Let r(y) = 50*y - 5293. Determine r(106).
7
Let j(a) = 3*a**3 - 12*a**2 - 507*a + 1534. Calculate j(3).
-14
Let v(s) = 4*s**2 - 89*s - 360. Determine v(-4).
60
Let q(h) = -h**3 + 9*h**2 + 604*h - 4890. What is q(8)?
6
Let i(v) = -14*v + 22. Calculate i(24).
-314
Let c(b) = 3*b**2 - 2*b - 3. What is c(-5)?
82
Let r(c) = 3*c**2 + 597*c - 1200. Determine r(2).
6
Let d(y) = -3*y**2 + 39*y - 99. What is d(9)?
9
Let s(n) = 8*n**3 + 34*n**2 + 3*n - 5. Give s(-6).
-527
Let p(c) = -3*c**2 + 2*c + 111. Determine p(-6).
-9
Let v(g) = -g**3 + 9*g**2 - 5*g + 302. Determine v(11).
5
Let w(l) = -l**3 - 52*l**2 + 46*l - 381. What is w(-53)?
-10
Let y(r) = 33*r - 1870. What is y(51)?
-187
Let n(o) = -7*o - 41. What is n(6)?
-83
Let o(v) = v - 153. Determine o(23).
-130
Let n(a) = -107*a + 417. Give n(4).
-11
Let y(w) = 3*w**2 - 95*w + 72. Give y(31).
10
Let l(c) = -119*c - 25. What is l(-2)?
213
Let k(r) = r**2 - 95*r + 1698. What is k(24)?
-6
Let w(o) = -3*o**3 + 3*o**2 + 41*o + 9. Give w(-5).
254
Let l(n) = -n**3 - 8*n**2 + 34*n + 304. What is l(6)?
4
Let a(j) = j**2 - 25*j + 75. Calculate a(18).
-51
Let f(x) = -2*x**2 + 169*x + 1288. Calculate f(-7).
7
Let a(q) = -q**3 - 14*q**2 - 33*q + 96. Give a(-11).
96
Let d(a) = -a**2 + 30*a - 22. What is d(22)?
154
Let z(d) = d**3 - 30*d**2 - 247*d + 85. What is z(-7)?
1
Let m(u) = -u**3 - 108*u**2 - 311*u + 401. Calculate m(-105).
-19
Let a(g) = 220*g + 54. Give a(2).
494
Let h(f) = -1301*f - 10406. Give h(-8).
2
Let c(q) = -56*q**3 + 1904*q**2 + 8*q - 271. Determine c(34).
1
Let j(f) = 72*f - 1549. Give j(23).
107
Let b(r) = 320*r + 255. Give b(-1).
-65
Let t(d) = -535*d + 20816. Give t(39).
-49
Let g(y) = -y**2 - 8*y + 57. What is g(-20)?
-183
Let z(t) = -9*t**2 - 79*t + 1261. Calculate z(-17).
3
Let q(i) = 5*i**2 + 165*i - 19. Calculate q(-32).
-179
Let t(o) = -9*o**2 - 38*o - 24. Give t(-4).
-16
Let q(c) = -203*c - 1278. Calculate q(-6).
-60
Let t(h) = -413*h - 123493. What is t(-299)?
-6
Let x(d) = d**3 - 88*d**2 - 310*d - 271. Calculate x(-2).
-11
Let r(y) = -y**2 - 3*y + 497. Calculate r(-24).
-7
Let r(n) = 6*n**2 - 75*n + 148. Calculate r(2).
22
Let q(h) = -h**3 + 29*h**2 - 210*h + 22. What is q(15)?
22
Let p(z) = -55*z**2 - 227*z - 27. Determine p(-4).
1
Let s(q) = -95*q + 2303. Give s(23).
118
Let n(i) = i**3 - 40*i**2 - 55*i + 529. Calculate n(41).
-45
Let z(x) = -4*x**3 - 360*x**2 + x + 101. Give z(-90).
11
Let o(a) = -a**2 + 214*a - 2613. What is o(13)?
0
Let j(p) = p**2 + 79*p + 1166. Determine j(-59).
-14
Let a(f) = -142*f - 4111. Determine a(-29).
7
Let h(q) = -16080*q - 48227. Determine h(-3).
13
Let z(v) = -v**3 + 74*v**2 + 398*v - 217. Give z(79).
20
Let q(t) = -22*t**3 + 5*t**2 + 12*t + 14. Calculate q(-3).
617
Let x(l) = -l**3 + 19*l**2 + 75*l - 1079. Calculate x(20).
21
Let m(b) = -67*b + 317. Give m(4).
49
Let f(a) = a**3 - 45*a**2 + 32*a - 1440. Give f(45).
0
Let i(b) = -123*b - 5. Determine i(1).
-128
Let d(y) = -5*y**2 + 20*y + 131. Determine d(-5).
-94
Let p(i) = -3*i**2 + 6*i + 23. What is p(5)?
-22
Let z(y) = -269*y**2 - y - 1. Give z(-1).
-269
Let i(w) = -23*w**2 + 24*w + 84. Calculate i(-3).
-195
Let l(h) = 308*h - 95777. Give l(311).
11
Let r(a) = a**3 + 17*a**2 + 11*a + 32. What is r(-17)?
-155
Let y(m) = -941*m - 1581. Calculate y(-2).
301
Let m(f) = -6*f - 39. What is m(-6)?
-3
Let t(r) = r**3 - 16*r**2 - 283*r + 4527. Give t(16).
-1
Let m(j) = 57*j - 55. Give m(3).
116
Let j(x) = -x**2 + 57*x - 732. Calculate j(14).
-130
Let r(p) = -4*p**2 - 130*p + 510. What is r(-36)?
6
Let t(v) = -5*v**2 + 65*v - 73. What is t(12)?
-13
Let o(u) = 4*u**3 + 155*u**2 - 40*u - 17. What is o(-39)?
22
Let s(g) = 674*g + 3368. What is s(-5)?
-2
Let a(k) = -k**2 - 561*k - 11324. What is a(-21)?
16
Let x(v) = v**2 + 111*v - 1887. Determine x(15).
3
Let s(c) = 469*c + 57229. Calculate s(-122).
11
Let h(g) = -3*g**3 + 11*g**2 - 7*g. Calculate h(2).
6
Let c(m) = m**2 - 111*m + 1260. What is c(13)?
-14
Let u(o) = -26*o - 141. Calculate u(-15).
249
Let y(l) = 329*l**2 - 18422*l - 109. Determine y(56).
3
Let p(h) = -h**3 - 27*h**2 - 21*h + 160. Calculate p(-26).
30
Let o(c) = -144*c - 2453. Calculate o(-17).
-5
Let f(x) = x**3 - 22*x**2 + 88*x + 42. Give f(16).
-86
Let f(b) = -103*b - 4069. Give f(-39).
-52
Let g(v) = 6*v**2 + 30*v + 164. Give g(-5).
164
Let h(r) = -311*r + 48190. Give h(155).
-15
Let v(k) = k**2 - 385*k + 2288. What is v(6)?
14
Let h(r) = -434*r + 26936. Give h(62).
28
Let d(l) = 22*l**2 + 4531*l - 4765. Give d(-207).
-4
Let u(z) = -2*z**3 - 53*z**2 + 148*z - 30. What is u(-29)?
-117
Let v(n) = 12*n**2 - 102*n + 7. Give v(9).
61
Let c(j) = -j**3 + 7*j**2 + 39*j - 89. What is c(9)?
100
Let n(m) = 106*m + 57. Determine n(-2).
-155
Let z(q) = 109*q + 439. What is z(-4)?
3
Let m(x) = -x**3 + 34*x**2 + 57*x + 59. Give m(36).
-481
Let v(s) = -s**3 - 16*s**2 - 19*s - 73. Calculate v(-15).
-13
Let h(d) = d**2 + 29*d - 233. Give h(-32).
-137
Let t(s) = -3*s**3 - 374*s**2 - 2*s + 29. Determine t(0).
29
Let a(p) = -1143*p - 3435. Calculate a(-3).
-6
Let x(z) = -205*z**3 - 59*z**2 - 52*z + 6. What is x(-1)?
204
Let z(f) = 184*f + 2760. What is z(-15)?
0
Let a(v) = -v**3 + 17*v**2 - 6*v - 103. What is a(16)?
57
Let v(t) = 112*t**3 + 2*t**2 - 11*t - 18. Give v(-2).
-884
Let b(j) = -j**2 - 3*j - 174. Calculate b(0).
-174
Let v(i) = i**2 + 3*i - 2. Calculate v(-2).
-4
Let i(z) = -608*z - 6005. Calculate i(-10).
75
Let d(r) = 3*r**2 + 110*r + 73. Determine d(-36).
1
Let b(f) = -f + 20. What is b(-4)?
24
Let h(a) = -89*a - 274. Determine h(6).
-808
Let a(u) = 5*u**3 + 2*u**2 - 2845*u - 2845. Give a(-1).
-3
Let q(v) = -v**2 + 76*v + 1456. What is q(92)?
-16
Let c(a) = 67*a + 1. Calculate c(0).
1
Let c(s) = -21*s - 82. Determine c(-4).
2
Let b(q) = q**2 + 274*q + 1861. Give b(-7).
-8
Let k(y) = -y**3 + 25*y**2 + 195*y - 201. What is k(-7)?
2
Let s(g) = g**3 - 55*g**2 + 332*g + 189. Give s(48).
-3
Let y(r) = -r**3 - 42*r**2 - 40*r + 35. Give y(-41).
-6
Let u(g) = -g**2 - 2*g + 48. What is u(0)?
48
Let j(p) = -8*p**2 - 16*p - 20. What is j(-4)?
-84
Let b(d) = -d**3 - 15*d**2 - 39*d - 16. What is b(-12)?
20
Let f(v) = 4*v**2 - 641*v + 18315. Give f(123).
-12
Let j(v) = v**3 - 10*v**2 + 34*v - 270. What is j(10)?
70
Let y(q) = -9*q**2 + 93*q + 29. What is y(11)?
-37
Let w(f) = 16*f**2 + 751*f - 696. Give w(-48).
120
Let p(f) = 63*f - 1316. Give p(23).
133
Let s(a) = -142*a - 13918. Determine s(-98).
-2
Let i(u) = 14*u + 184. What is i(-77)?
-894
Let b(l) = 70*l + 1200. Give b(-20).
-200
Let i(w) = -94*w - 17. Determine i(0).
-17
Let p(b) = b**3 - 4*b**2 - 10*b + 13. Determine p(7).
90
Let n(p) = -p**3 + 54*p**2 - 404*p - 